{"id":35,"date":"2015-03-19T11:50:24","date_gmt":"2015-03-19T11:50:24","guid":{"rendered":"http:\/\/192.168.1.67:8888\/arn\/?page_id=35"},"modified":"2015-04-15T13:38:27","modified_gmt":"2015-04-15T13:38:27","slug":"procedimento-regulamentar","status":"publish","type":"page","link":"https:\/\/arn.gw\/activeapp\/procedimento-regulamentar\/","title":{"rendered":"Procedimento Regulamentar"},"content":{"rendered":"<p>&nbsp;<\/p>\n<p>1. Os regulamentos ou actos da ARN devem observar os princ\u00edpios da legalidade, da necessidade, da clareza, da participa\u00e7\u00e3o e da publicidade.<\/p>\n<p>2. Previamente \u00e0 aprova\u00e7\u00e3o ou altera\u00e7\u00e3o de qualquer regulamento cuja emiss\u00e3o seja da sua compet\u00eancia, a ARN deve dar conhecimento \u00e0 entidade de tutela, \u00e0s entidades\u00a0<span style=\"line-height: 1.5;\">licenciadas ou autorizadas, aos operadores, aos demais prestadores de servi\u00e7os registados, bem como \u00e0s associa\u00e7\u00f5es de consumidores de interesse gen\u00e9rico ou espec\u00edfico na \u00e1rea das tecnologias da informa\u00e7\u00e3o e comunica\u00e7\u00e3o, facultando-lhes o acesso aos textos respectivos, disponibilizando na sua p\u00e1gina Web.<\/span><\/p>\n<p>3. Para o efeito do n\u00famero anterior, podem os interessados emitir os seus coment\u00e1rios e apresentar sugest\u00f5es durante um per\u00edodo de trinta (30) dias. Poder\u00e1 a ARN alterar o prazo para coment\u00e1rios atendendo a diversos factores, como urg\u00eancia da mat\u00e9ria a tratar ou a compatibiliza\u00e7\u00e3o com outros prazos legalmente fixados.<\/p>\n<p>4. As entidades previstas no n\u00famero 2 podem ter acesso a todas as sugest\u00f5es que tenham sido apresentadas nos termos do presente artigo.<\/p>\n<p>5. O relat\u00f3rio preambular dos regulamentos ou actos da ARN fundamenta as decis\u00f5es tomadas, com necess\u00e1ria refer\u00eancia \u00e0s cr\u00edticas ou sugest\u00f5es que tenham sido feitas\u00a0<span style=\"line-height: 1.5;\">ao projecto.<\/span><\/p>\n<p>6. Os regulamentos da ARN que contenham normas de efic\u00e1cia externa s\u00e3o publicados no Boletim Oficial e disponibilizados na respectiva p\u00e1gina Web, sem preju\u00edzo da sua publicita\u00e7\u00e3o por outros meios considerados mais adequados \u00e0 situa\u00e7\u00e3o.<\/p>\n","protected":false},"excerpt":{"rendered":"<p>&nbsp; 1. Os regulamentos ou actos da ARN devem observar os princ\u00edpios da legalidade, da necessidade, da clareza, da participa\u00e7\u00e3o e da publicidade. 2. Previamente \u00e0 aprova\u00e7\u00e3o ou altera\u00e7\u00e3o de qualquer regulamento cuja emiss\u00e3o seja da sua compet\u00eancia, a ARN deve dar conhecimento \u00e0 entidade de tutela, \u00e0s entidades\u00a0licenciadas ou autorizadas, aos operadores, aos demais [&hellip;]<\/p>\n","protected":false},"author":6,"featured_media":315,"parent":0,"menu_order":0,"comment_status":"open","ping_status":"open","template":"","meta":{"_acf_changed":false,"footnotes":""},"class_list":["post-35","page","type-page","status-publish","has-post-thumbnail","hentry"],"acf":[],"aioseo_notices":[],"_links":{"self":[{"href":"https:\/\/arn.gw\/activeapp\/wp-json\/wp\/v2\/pages\/35"}],"collection":[{"href":"https:\/\/arn.gw\/activeapp\/wp-json\/wp\/v2\/pages"}],"about":[{"href":"https:\/\/arn.gw\/activeapp\/wp-json\/wp\/v2\/types\/page"}],"author":[{"embeddable":true,"href":"https:\/\/arn.gw\/activeapp\/wp-json\/wp\/v2\/users\/6"}],"replies":[{"embeddable":true,"href":"https:\/\/arn.gw\/activeapp\/wp-json\/wp\/v2\/comments?post=35"}],"version-history":[{"count":6,"href":"https:\/\/arn.gw\/activeapp\/wp-json\/wp\/v2\/pages\/35\/revisions"}],"predecessor-version":[{"id":306,"href":"https:\/\/arn.gw\/activeapp\/wp-json\/wp\/v2\/pages\/35\/revisions\/306"}],"wp:featuredmedia":[{"embeddable":true,"href":"https:\/\/arn.gw\/activeapp\/wp-json\/wp\/v2\/media\/315"}],"wp:attachment":[{"href":"https:\/\/arn.gw\/activeapp\/wp-json\/wp\/v2\/media?parent=35"}],"curies":[{"name":"wp","href":"https:\/\/api.w.org\/{rel}","templated":true}]}}