{"id":75,"date":"2015-03-19T12:00:02","date_gmt":"2015-03-19T12:00:02","guid":{"rendered":"http:\/\/192.168.1.67:8888\/arn\/?page_id=75"},"modified":"2015-04-15T09:22:14","modified_gmt":"2015-04-15T09:22:14","slug":"servicos","status":"publish","type":"page","link":"https:\/\/arn.gw\/activeapp\/servicos\/","title":{"rendered":"Servi\u00e7os"},"content":{"rendered":"<p>O servi\u00e7o universal consiste no conjunto m\u00ednimo de presta\u00e7\u00f5es de qualidade especificada, dispon\u00edvel para todos os utilizadores, independentemente da sua localiza\u00e7\u00e3o geogr\u00e1fica e a um pre\u00e7o acess\u00edvel definido pelo Governo.<\/p>\n<p>Compete ao Governo e \u00e0 ARN, na prossecu\u00e7\u00e3o das suas respectivas atribui\u00e7\u00f5es, adoptar as solu\u00e7\u00f5es mais eficientes e adequadas para assegurar a realiza\u00e7\u00e3o do servi\u00e7o universal.<\/p>\n<p><strong>(\u00c2mbito do servi\u00e7o universal)<\/strong><br \/>\n1. O conjunto m\u00ednimo de presta\u00e7\u00f5es que deve estar dispon\u00edvel no \u00e2mbito do servi\u00e7o universal \u00e9 o seguinte:<br \/>\na) A liga\u00e7\u00e3o \u00e0 rede p\u00fablica de telecomunica\u00e7\u00f5es e aces-so aos servi\u00e7os de telecomunica\u00e7\u00f5es acess\u00edveis ao p\u00fablico;<br \/>\nb) A disponibiliza\u00e7\u00e3o de uma lista telef\u00f3nica completa e de um servi\u00e7o completo de informa\u00e7\u00f5es de listas;<br \/>\nc) A oferta adequada de postos p\u00fablicos.<br \/>\n2. O acesso e o servi\u00e7o universal podem ainda incluir outros servi\u00e7os de informa\u00e7\u00e3o e comunica\u00e7\u00f5es de uso p\u00fablico declarados pelo Governo.<\/p>\n","protected":false},"excerpt":{"rendered":"<p>O servi\u00e7o universal consiste no conjunto m\u00ednimo de presta\u00e7\u00f5es de qualidade especificada, dispon\u00edvel para todos os utilizadores, independentemente da sua localiza\u00e7\u00e3o geogr\u00e1fica e a um pre\u00e7o acess\u00edvel definido pelo Governo. Compete ao Governo e \u00e0 ARN, na prossecu\u00e7\u00e3o das suas respectivas atribui\u00e7\u00f5es, adoptar as solu\u00e7\u00f5es mais eficientes e adequadas para assegurar a realiza\u00e7\u00e3o do servi\u00e7o [&hellip;]<\/p>\n","protected":false},"author":6,"featured_media":217,"parent":0,"menu_order":0,"comment_status":"open","ping_status":"open","template":"","meta":{"_acf_changed":false,"footnotes":""},"class_list":["post-75","page","type-page","status-publish","has-post-thumbnail","hentry"],"acf":[],"aioseo_notices":[],"_links":{"self":[{"href":"https:\/\/arn.gw\/activeapp\/wp-json\/wp\/v2\/pages\/75"}],"collection":[{"href":"https:\/\/arn.gw\/activeapp\/wp-json\/wp\/v2\/pages"}],"about":[{"href":"https:\/\/arn.gw\/activeapp\/wp-json\/wp\/v2\/types\/page"}],"author":[{"embeddable":true,"href":"https:\/\/arn.gw\/activeapp\/wp-json\/wp\/v2\/users\/6"}],"replies":[{"embeddable":true,"href":"https:\/\/arn.gw\/activeapp\/wp-json\/wp\/v2\/comments?post=75"}],"version-history":[{"count":4,"href":"https:\/\/arn.gw\/activeapp\/wp-json\/wp\/v2\/pages\/75\/revisions"}],"predecessor-version":[{"id":282,"href":"https:\/\/arn.gw\/activeapp\/wp-json\/wp\/v2\/pages\/75\/revisions\/282"}],"wp:featuredmedia":[{"embeddable":true,"href":"https:\/\/arn.gw\/activeapp\/wp-json\/wp\/v2\/media\/217"}],"wp:attachment":[{"href":"https:\/\/arn.gw\/activeapp\/wp-json\/wp\/v2\/media?parent=75"}],"curies":[{"name":"wp","href":"https:\/\/api.w.org\/{rel}","templated":true}]}}